 = -o - 7. Let t(s) = -4*f(s) - 7*p(s). Let x be (182/(-14))/(-13) + (-2)/2. Determine t(x).
-3
Let m be 2/12 + 560/(-480). Let i(l) be the second derivative of -7*l**5/60 + l**2/2 - 3*l. Let b(k) be the first derivative of i(k). Determine b(m).
-7
Suppose 0 = o + 3*o + 192. Let h = 51 + o. Let n(y) = h + 2*y**2 - y**3 - y**2 - 4*y**2 + 2*y**2 + 3*y. Calculate n(-2).
1
Let x(r) be the second derivative of -r**3 - 80*r**2 - 4378*r. Calculate x(-23).
-22
Suppose 28 = 5*u + 2*u. Suppose -u*j + 21 = 37. Let r be 3 - (18/(-3) - j). Let w(t) = t**3 - 4*t**2 - 7*t + 4. Calculate w(r).
-6
Let k(o) = -o**3 + 17*o**2 + 20*o + 1. Let n be k(18). Let v = -45 + n. Let m(c) = c**3 + 7*c**2 - 8*c - 4. What is m(v)?
-4
Let b(m) be the second derivative of m**5/20 - m**4/12 - 3*m**2/2 + 6*m. Let l be (-11)/(-2) + (-2 - 4/(-8)). Let d be ((-6)/(-9) - l/6)/2. What is b(d)?
-3
Let q(t) be the second derivative of -23*t + 1/3*t**4 + 1/20*t**5 + 0*t**2 + 1/3*t**3 + 0. Let f = -74 - -70. What is q(f)?
-8
Let v(z) be the first derivative of -z**4/4 - 7*z**3/3 - 4*z**2 - 9*z - 2382. Give v(-5).
-19
Let j be 87*(35/15 - 2). Suppose 4*k = -21 + j. Let h(b) = 0*b - 2*b + 0*b**3 - b**3 + b**2. Give h(k).
-8
Let a(u) = u**2 + 2*u + 1. Let t(i) = -i**2 - i - 1. Let d(l) = -2*a(l) - 3*t(l). Let v(r) = 5*r**2 + 14 - 14 - 13*r. Let o(k) = -4*d(k) + v(k). Calculate o(9).
-4
Let k(l) = 15*l + 15 + 7 - 28 + 6. What is k(2)?
30
Let l(p) = -p**2 + p + 2. Let i be (-2)/9*3 + 17/3. Let b(k) = i*k**2 - 7 + 9*k**2 - k**3 - 5*k**2 + 3*k + 3*k**3. Let f be b(-4). What is l(f)?
-10
Let m(x) = -9*x + 0*x + 14*x - 29*x + 303. Calculate m(12).
15
Let x(o) = -20*o**2 + o - 1. Let m(y) = -25*y + 3. Let d be -2*(3 - (-15)/(-6)). Let b be m(d). Suppose 32*a - b*a - 4 = 0. Determine x(a).
-20
Let d = -13 - -23. Let z = d + -3. Let q(r) = -4 - 6 + 0 + 1 + 44*r**3 - 45*r**3 + 2 + 5*r + 6*r**2. Calculate q(z).
-21
Let x(l) be the second derivative of -l**4/6 - 4*l**3/3 + 7*l**2/2 - 3135*l. What is x(-5)?
-3
Let v(x) = x - 18. Let j(h) = -2*h + 36. Let w(l) = 4*j(l) + 7*v(l). Let y be w(11). Let n(u) = -u**3 + 6*u**2 + 8*u - 10. Give n(y).
-3
Let g(z) = -2*z - 39. Suppose 1395*w - 1389*w = 1704. Let a = w + -303. Give g(a).
-1
Let g = -142 - -225. Let j(o) = 164*o + 0 - 82*o + 7 - g*o. What is j(11)?
-4
Let z(j) be the first derivative of -j**3/3 + 6*j**2 + 6*j - 91404. Let m be 24/2 + 2 + -1. What is z(m)?
-7
Let y be -5 - -19 - (7 - -6). Let a(u) = -8*u**3 + u**2 - 3*u + 3. Calculate a(y).
-7
Let l(w) = 7*w**2 + 95*w + 17. Let u(t) = 5*t**2 + 74*t + 18. Let f(y) = -3*l(y) + 4*u(y). Give f(13).
-5
Let x(j) = 5*j**2 + 8*j - 32. Let h(y) = -6*y**2 - 7*y + 33. Let i(k) = 4*h(k) + 5*x(k). Let r be i(-14). Let a(z) = z + 0*z + 6 + r*z. What is a(0)?
6
Let q(p) be the third derivative of -p**5/120 - 7*p**4/12 + 50*p**3/3 + 59*p**2 + 1. Let c(t) be the first derivative of q(t). Give c(0).
-14
Let f(m) = 11*m + 1. Suppose 5*s + 632 = 5*q + 2307, -3*s + 343 = -q. Let z = -332 - q. Calculate f(z).
-10
Let t(x) = 19684*x - 19667*x + 2*x**2 + 0*x**2 + 26 + 10. Give t(-6).
6
Suppose -54*l = -37*l - 85. Let a(c) = -c**2 - c + 8*c - l + 9. Calculate a(10).
-26
Let d(h) = -13*h - 1. Suppose 17*z = -7*z - 43 + 19. What is d(z)?
12
Let s(f) = -f**3 + 9*f**2 - f + 2. Suppose -1465*n = -1460*n - 2390. Let k = 487 - n. What is s(k)?
-7
Let w = 35588 + -35589. Let t(k) = 15*k**3 + 2*k**2 + 4*k + 2. What is t(w)?
-15
Let c(t) = -2*t**3 + 8*t**2 - 8*t. Let d(y) = 3*y**2 + 48*y - 48. Let j be d(1). Give c(j).
-6
Let h(p) = -47*p**2 - 23 + 57*p**2 + 5*p**3 - 28*p**2 - 19*p - 10*p**3 + 6*p**3. Give h(19).
-23
Let m(z) = -z**2 + 10. Suppose -3*j = -3*t - 21, -4*t - 36 = -3*j - 14. Suppose 0 = -j*r + 24. Let u be r/(-26) + (-32)/(-208). Give m(u).
10
Suppose -223*a + 219*a - 5*x - 29 = 0, 0 = -a + 11*x + 103. Let q(h) = 2*h**2 + h - 9. Let l(u) = 4*u**2 + u - 17. Let z(p) = -6*l(p) + 11*q(p). Determine z(a).
-9
Let q(v) = -4 - v + 24 - 17 - v. Suppose -5*b + 78 = 3*r + 28, b - 2*r = 10. Suppose -n = -3*n + b. Calculate q(n).
-7
Let s(y) = 4*y + 5. Suppose -3*n + 3 = -w + n, 3*w = -3*n + 21. Suppose 5*q + 5*x - 230 = 0, 2*x = w*q - 0*x - 209. Let v = q - 48. Calculate s(v).
-15
Let c(r) be the second derivative of 1/12*r**4 + 0 + 13/6*r**3 - 13*r + 1/2*r**2. What is c(-10)?
-29
Let i(u) = 9*u - 39. Let a be 5772/468 - (-15)/9. Determine i(a).
87
Let l(j) = -34*j + 171. Let y be ((-228)/(-9))/4 - 1 - (-6)/(-18). Determine l(y).
1
Let r(l) = -7*l - 30. Suppose -19*c - 25 = 70. Calculate r(c).
5
Let g = -9 - -11. Suppose 4 - 18 = -g*v. Suppose v*u = 4*u. Let h(j) = -j**2 + j - 8. What is h(u)?
-8
Let i(t) = -4*t - 9. Let z be i(-3). Let w be -2*z/(-6)*-7 - -4. Let g(c) be the second derivative of -c**3/6 - c**2/2 + 25*c. Give g(w).
2
Let h(n) = -2*n**2 + 14*n - 3. Let b(u) = 17 - 35 + 8 - 2*u + 13 - 2*u - u**2. Let o be b(-3). Give h(o).
9
Let v(k) be the second derivative of -k**5/20 - 2*k**4/3 + 11*k**3/6 + 6*k**2 - 895*k. Calculate v(-9).
-6
Suppose 4*f + 3*d - 20 = 0, 0*f + 4*f + 8 = 4*d. Let v(s) = 10*s**f + 9 + 370*s + 3 - 371*s - s**3. Give v(10).
2
Suppose -2*c - 1 + 9 = 0. Let j(m) = 0*m**2 - 5*m**2 - 7 + c*m**2 + 7*m. Let f be j(4). Let o(n) = 3*n - 3. Give o(f).
12
Suppose 0 = 8*z + 11*z + 4*z. Let k be -3 - (z - 2) - (26 - 20). Let i(o) = o**3 + 6*o**2 - 7*o - 5. Give i(k).
-5
Let g(j) = -3277*j + 1632*j + 1636*j - 4. Determine g(4).
-40
Suppose m + 3*h = -2, 2 = 15*m - 10*m + 3*h. Let f(w) be the third derivative of w**6/24 - w**5/30 + w**4/24 - 2*w**2. Calculate f(m).
4
Suppose 331 = -285*z + 10*z - 494. Let s(o) = -o**2 - 5*o + 3. Determine s(z).
9
Let q(k) be the second derivative of 17 + 1/12*k**4 + 0*k**3 + k + 0*k**2 + 3/20*k**5. Determine q(-1).
-2
Let p be (91/(-2340)*-12)/(2/5). Let a(s) be the second derivative of -p*s**3 + 0 + 1/2*s**2 + 12*s. What is a(-1)?
8
Suppose -t = 4*t + 15. Let u be (11/22)/(t/(-66)). Let p(s) be the first derivative of s**3/3 - 5*s**2 - 15*s - 1. What is p(u)?
-4
Let y(s) be the second derivative of -1/2*s**3 + 5 + 0*s**2 - 2*s + 1/4*s**4. Determine y(2).
6
Let u(s) be the third derivative of s**4/12 - s**3/3 - 986*s**2 - 2. Determine u(19).
36
Let k(t) = 11*t**2 - 78*t + 7. Let l be 5 - 20/15*3/(-2). Give k(l).
0
Let w = 21 - -8. Let y = w + -27. Let f(n) = y*n - n**2 + 0*n - 3 - n. Give f(0).
-3
Let g(l) = -237*l**3 + 9 - 248*l**3 - 1 + 1 - 5*l**2 + 484*l**3 + l. Suppose 3*h + 30 = -3*h. Determine g(h).
4
Suppose -2*d = -4*c - 0*d + 34, 5*c - d - 50 = 0. Let v(q) = -c - 14 + 0*q - q + 21. What is v(-9)?
5
Let v(f) be the second derivative of f**7/2520 - f**6/60 - 13*f**5/120 - 83*f**4/4 - 3*f + 38. Let x(z) be the third derivative of v(z). Give x(10).
-33
Let z(f) = -2*f**2 + 212*f + 213. Let y be z(-1). Let r(j) = 15*j**2 + 2*j + 2. What is r(y)?
15
Suppose -416 = 4455*z - 4442*z. Let j(b) = -3*b - 143. Give j(z).
-47
Suppose r - 16*r = 18*r + 198. Let y(l) = -2*l**2 - 8*l + 17. Give y(r).
-7
Let o be ((-16)/(-14))/(-4) - 72/(-56). Let f(r) = 29*r**2 + 4*r - 3. Calculate f(o).
30
Let n(d) = d**3 - 5*d**2 - 8*d + 6. Let m = 156 - 92. Suppose -5*z - 3*z = -m. Let p be ((-34)/z - -4) + 50/8. Determine n(p).
-6
Suppose 79 + 573 = 80*q + 172. Let u(p) = 2*p**2 - 14*p + 9. Determine u(q).
-3
Let d(k) = 3*k**2 - 20*k - 7. Let s be d(7). Suppose n - 6*n + 60 = s. Let f be (((-50)/15)/(-10))/(1/n). Let z(j) = -j**3 + 4*j**2 - 2*j + 6. Give z(f).
-2
Let h(m) = -19*m**3 + 2*m**2 - 1. Let p(i) be the first derivative of -i**4/4 - 11*i**3 + 17*i**2 + i + 2. Let n be p(-34). Determine h(n).
-18
Let x(n) = -n**2 - 8*n - 2. Suppose -2*h - 192 = 2*d, -219 - 59 = 3*h - 2*d. Let z = h + 91. What is x(z)?
13
Let x(h) be the third derivative of -h**4/4 + 67*h**3/6 - 867*h**2. Give x(12).
-5
Let t = 24 - 29. Let z(k) be the second derivative of k**5/120 + k**4/3 - k**3 - 7*k. Let y(r) be the second derivative of z(r). Calculate y(t).
3
Let z(l) = -l**2 - 14*l + 18. Let c(s) = 3*s**2 + 41*s - 55. Let b(w) = -6*c(w) - 17*z(w). Give b(-11).
-9
Let x(l) be the third derivative of 7*l**4/24 + 9*l**3/2 + 774*l**2. Give x(-13).
-64
Let t(p) = p**3 + 2*p**2 + 2*p + 1. Let j(k) = -4*k**3 - 21*k**2 - 7*k - 11. Let y be j(-5). What is t(y)?
0
Let j(p) = 7*p + 10. Suppose 13 + 11 = 3*b - n, 2*b = -3*n - 6. 